ivide 31832?
True
Does 1347 divide 2626650?
True
Is 6 a factor of 1571778?
True
Does 613 divide 6416271?
True
Is 153279 a multiple of 2?
False
Does 6 divide 131809?
False
Is 34 a factor of 203974?
False
Does 12 divide 2562252?
True
Is 511241 a multiple of 24?
False
Is 1192128 a multiple of 105?
False
Is 27 a factor of 3300453?
True
Is 1297695 a multiple of 41?
False
Is 2791820 a multiple of 5?
True
Is 202788 a multiple of 262?
True
Is 14 a factor of 1304128?
True
Is 37708 a multiple of 30?
False
Does 13 divide 1096563?
True
Is 101 a factor of 469204?
False
Does 55 divide 173967?
False
Is 16 a factor of 3457168?
True
Does 8 divide 982040?
True
Is 12 a factor of 2988?
True
Does 601 divide 129215?
True
Does 24 divide 1848?
True
Is 4472863 a multiple of 6?
False
Does 633 divide 455344?
False
Is 827964 a multiple of 422?
True
Does 33 divide 69030?
False
Is 462 a factor of 3576966?
False
Is 19 a factor of 484087?
False
Is 245105 a multiple of 47?
True
Is 1387514 a multiple of 16?
False
Does 33 divide 239283?
True
Does 5 divide 21825?
True
Is 15 a factor of 1111876?
False
Is 839341 a multiple of 265?
False
Is 26 a factor of 34203?
False
Does 12 divide 99816?
True
Is 12 a factor of 141527?
False
Is 45 a factor of 4740468?
False
Is 1628 a multiple of 4?
True
Is 138066 a multiple of 19?
False
Is 8 a factor of 613881?
False
Does 295 divide 4653457?
False
Is 98802 a multiple of 198?
True
Is 214 a factor of 925172?
False
Does 16 divide 8253781?
False
Is 49 a factor of 52773?
True
Is 5206036 a multiple of 1320?
False
Is 3131 a multiple of 121?
False
Is 1254292 a multiple of 12?
False
Is 34 a factor of 1532777?
False
Is 3611700 a multiple of 20?
True
Does 1156 divide 9931196?
True
Is 112736 a multiple of 104?
True
Is 405009 a multiple of 7?
False
Is 200672 a multiple of 5?
False
Does 20 divide 1222840?
True
Does 20 divide 251581?
False
Does 7 divide 2010274?
True
Is 1196 a factor of 8894746?
False
Does 153 divide 158661?
True
Does 6 divide 162036?
True
Does 140 divide 1924365?
False
Is 162 a factor of 1835367?
False
Is 921948 a multiple of 1295?
False
Is 18 a factor of 2049411?
False
Is 1662529 a multiple of 359?
True
Does 39 divide 362630?
False
Does 230 divide 675970?
True
Is 16 a factor of 10355168?
True
Does 5 divide 418891?
False
Is 55419 a multiple of 5?
False
Is 124875 a multiple of 37?
True
Is 16 a factor of 122444?
False
Does 20 divide 1462142?
False
Is 350 a factor of 796053?
False
Is 25 a factor of 8737458?
False
Does 13 divide 2209428?
True
Is 69 a factor of 6140226?
False
Does 10 divide 16826?
False
Is 910980 a multiple of 378?
True
Is 315 a factor of 403896?
False
Is 69099 a multiple of 177?
False
Does 12 divide 193608?
True
Is 224211 a multiple of 13?
True
Is 1423742 a multiple of 107?
True
Does 10 divide 457194?
False
Does 7 divide 17321?
False
Is 198464 a multiple of 7?
True
Is 433523 a multiple of 20?
False
Is 14 a factor of 27107069?
False
Is 581616 a multiple of 343?
False
Does 7 divide 107884?
True
Does 90 divide 154710?
True
Is 30902 a multiple of 21?
False
Does 168 divide 13020840?
True
Is 101566 a multiple of 45?
False
Does 88 divide 295346?
False
Is 828 a factor of 6383827?
False
Is 614760 a multiple of 60?
True
Is 174326 a multiple of 40?
False
Is 2 a factor of 1763743?
False
Is 49 a factor of 513397?
False
Does 1134 divide 12946597?
False
Is 63756 a multiple of 92?
True
Does 17 divide 7281882?
True
Is 234 a factor of 299988?
True
Is 138472 a multiple of 152?
True
Is 292 a factor of 5717068?
True
Does 116 divide 128868?
False
Is 79 a factor of 3905444?
True
Does 92 divide 662768?
True
Does 7 divide 124977?
False
Does 98 divide 181006?
True
Is 32843 a multiple of 9?
False
Is 14 a factor of 12573?
False
Does 10 divide 464435?
False
Does 6 divide 2235391?
False
Is 516670 a multiple of 121?
True
Does 104 divide 391144?
True
Is 199288 a multiple of 29?
True
Is 2673273 a multiple of 34?
False
Is 1885203 a multiple of 93?
True
Is 43708 a multiple of 98?
True
Is 100 a factor of 115300?
True
Does 252 divide 544572?
True
Is 123413 even?
False
Does 23 divide 19081?
False
Is 286104 a multiple of 364?
True
Is 815 a factor of 492260?
True
Is 15087 a multiple of 3?
True
Is 1042235 a multiple of 122?
False
Does 19 divide 852279?
False
Does 78 divide 6868446?
True
Is 296912 a multiple of 11?
True
Is 8 a factor of 135424?
True
Does 153 divide 16126870?
False
Is 2 a factor of 188953?
False
Is 4709625 a multiple of 95?
True
Is 25 a factor of 23975?
True
Is 7483112 a multiple of 104?
True
Is 89 a factor of 212087?
True
Is 6 a factor of 127054?
False
Is 32 a factor of 117216?
True
Is 74 a factor of 517495?
False
Does 22 divide 2777427?
False
Is 21 a factor of 2965375?
False
Is 4977 a multiple of 14?
False
Does 4 divide 568?
True
Is 502 a factor of 8220250?
True
Is 2169882 a multiple of 138?
False
Does 116 divide 231035?
False
Does 21 divide 440664?
True
Does 14 divide 289292?
False
Does 139 divide 385725?
True
Is 10 a factor of 9145185?
False
Does 88 divide 10742027?
False
Does 17 divide 6343700?
False
Is 7 a factor of 5361591?
False
Is 39 a factor of 223245?
False
Does 10 divide 3173020?
True
Is 93 a factor of 179358?
False
Does 27 divide 209665?
False
Is 24 a factor of 120374?
False
Is 1762183 a multiple of 25?
False
Does 166 divide 519580?
True
Is 27 a factor of 2474469?
True
Is 18 a factor of 1657620?
True
Does 6 divide 505928?
False
Is 1883628 a multiple of 321?
True
Does 11 divide 69820?
False
Is 536028 a multiple of 15?
False
Is 260 a factor of 774540?
True
Is 104731 a multiple of 94?
False
Does 116 divide 3027578?
False
Is 1068387 a multiple of 23?
False
Is 18 a factor of 2590421?
False
Is 314240 a multiple of 5?
True
Does 56 divide 42392?
True
Is 79421 a multiple of 10?
False
Is 2 a factor of 299830?
True
Is 4204967 a multiple of 221?
True
Is 12 a factor of 16846932?
True
Is 15 a factor of 222735?
True
Does 29 divide 1132254?
False
Is 21 a factor of 69909?
True
Is 9 a factor of 8259633?
True
Does 187 divide 331639?
False
Does 18 divide 32760?
True
Is 43 a factor of 547877?
False
Does 64 divide 122944?
True
Is 21 a factor of 236544?
True
Is 926 a factor of 101607?
False
Is 1550822 a multiple of 7?
True
Is 2112550 a multiple of 50?
True
Is 216 a factor of 492264?
True
Does 329 divide 106267?
True
Does 171 divide 359627?
False
Does 6 divide 139188?
True
Is 23251 a multiple of 241?
False
Does 161 divide 542004?
False
Is 47 a factor of 1614215?
True
Is 159 a factor of 21292326?
True
Is 39 a factor of 266470?
False
Does 18 divide 714231?
False
Is 388 a factor of 883476?
True
Is 1682757 a multiple of 543?
True
Is 1012373 a multiple of 1627?
False
Does 167 divide 686036?
True
Is 13 a factor of 1335841?
True
Is 243365 a multiple of 15?
False
Is 8 a factor of 193934?
False
Does 10 divide 161740?
True
Does 12 divide 30885?
False
Is 256 a factor of 555520?
True
Is 4004560 a multiple of 20?
True
Does 2 divide 31311?
False
Is 65 a factor of 674960?
True
Does 18 divide 792?
True
Is 109 a factor of 432867?
False
Is 5844644 a multiple of 142?
False
Is 218327 a multiple of 15?
False
Is 6 a factor of 259632?
True
Is 124 a factor of 1369952?
True
Is 78 a factor of 484926?
True
Is 32 a factor of 106272?
True
Is 1361896 a multiple of 25?
False
Does 5 divide 44375?
True
Is 6036336 a multiple of 53?
False
Is 144 a factor of 32544?
True
Is 19 a factor of 3623167?
True
Is 116 a factor of 160164?
False
Does 523 divide 2723784?
True
Does 3 divide 98014?
False
Is 4780621 a multiple of 2?
False
Is 102735 a multiple of 29?
False
Does 111 divide 763014?
True
Does 721 divide 462094?
False
Does 554 divide 889481?
False
Does 69 divide 3853401?
False
Does 101 divide 3945897?
False
Is 1127 a factor of 1208144?
True
Does 420 divide 463680?
True
Is 73 a factor of 2066499?
False
Is 633462 a multiple of 426?
True
Is 179 a factor of 610211?
True
Is 12874252 a multiple of 341?
False
Is 5265817 a multiple of 12?
False
Is 2494718 a multiple of 7?
False
Does 89 divide 1064442?
False
Is 204 a factor of 3468?
True
Is 865555 a multiple of 91?
False
Is 6688 a multiple of 88?
True
Is 3081115 a multiple of 2?
False
Is 279391 a multiple of 164?
False
Is 798 a multiple of 14?
True
Is 26 a factor of 6181?
False
Is 2369282 a multiple of 4?
False
Does 251 divide 1075786?
True
Is 29232910 a multip